e (-3 - ((0 - 3) + 2)) + -3.
-5
Evaluate 37 + -21 + -2 + -3 - 8.
3
Evaluate (-5 - 0) + 10 + -4 + -2.
-1
What is the value of -6 - (-5 - (-2 - (-7 - -10)))?
-6
Evaluate -6 + 6 + 1 + -7.
-6
What is -5 + 0 - (18 + -22)?
-1
Calculate 4 + -3 - 2 - (-2 + 5).
-4
(-8 - -9) + -7 - (-6 - 3)
3
What is the value of 0 - 1 - (-8 + 6)?
1
3 - -1 - (-7 + 7) - 7
-3
Evaluate 0 - 4 - (4 + -3).
-5
Evaluate -7 - -5 - (-1 - -5).
-6
2 - (-3 + 6 + 0)
-1
Calculate 11 - (-12 + 18 + 7).
-2
Calculate -2 + -1 + 1 + 4.
2
What is -5 - (2 + 3 + -5)?
-5
What is the value of -10 - (-5 + (-9 - -5))?
-1
What is 1 - 8 - ((-11 - -14) + -5)?
-5
Evaluate 0 + -3 + 1 + -2.
-4
0 - (2 + 0 + -7 - -2)
3
What is the value of (1 - 4) + 6 + -2?
1
What is -3 + (-1 - 3) + 4 + 4?
1
What is the value of 0 + (-3 + 1 - -7) + -7?
-2
4 - (3 - (4 - (6 + -1)))
0
What is 6 + 9 + -11 - (3 - 0)?
1
What is (3 + -1 + -8 - 3) + 2?
-7
What is the value of -5 + (9 - (-4 + 7)) + -4?
-3
Calculate (4 - 20) + 11 - -8.
3
(7 - 12) + 2 + 2
-1
Calculate 3 + 1 - (1 + 1 + 1).
1
What is the value of (-2 - -1) + -1 - -2?
0
Calculate 6 + -2 - (3 + (2 - 3)).
2
What is 10 + 12 + -10 + -14?
-2
Calculate -1 - -4 - (1 - (2 + -3)).
1
(6 - 14) + (6 - -10)
8
Evaluate (-8 + 17 - 19) + 8.
-2
What is (4 - 0) + -8 - (-7 + 3)?
0
Evaluate 7 + (-9 - (1 + -3) - -3).
3
-5 + 0 - ((-11 - 0) + 12)
-6
Calculate (-7 - -4) + -2 + (3 - 2).
-4
9 + (8 + -14 - 9)
-6
Calculate (3 - 1) + -1 - (-6 + 5).
2
What is the value of (4 + -3 - 7) + 0 - -3?
-3
What is -2 + -9 + 5 + 2?
-4
What is the value of -3 - -4 - (-3 - -1)?
3
Evaluate 0 + (-6 - -8) + (3 - 11).
-6
What is (-2 - (-3 + 1)) + -4 + 7?
3
Calculate -3 + 1 + 1 + 7 + -1.
5
What is the value of 2 - (-9 - (-3 + -3))?
5
Evaluate 4 + -1 + (-7 + 12 - 4).
4
What is the value of -8 - (6 + -4 - -2 - 5)?
-7
23 + -24 + (-3 - 2)
-6
Evaluate 7 - 5 - (0 - -4).
-2
What is (-15 - -16) + -2 + 0?
-1
Evaluate 1 + (6 - -1 - 2).
6
3 - 1 - (2 - (-8 + 3))
-5
-4 + -6 + 5 + -1
-6
Calculate -10 - -7 - (-2 + 0).
-1
What is the value of -15 + -3 + -8 + 6 + 9?
-11
(-1 + 8 - -1) + -6
2
5 - (-2 + 3 - (-4 - -3))
3
Evaluate (-20 - -11) + 12 + -1.
2
What is the value of -8 + (7 - (3 + -5 - 3))?
4
12 + -3 + -7 - 6
-4
Calculate 6 + -12 - (-10 + 0).
4
What is -2 - -2 - 1 - -4?
3
What is 7 + -15 + 3 + 2 + 7?
4
Calculate 0 + 3 + (-7 - (3 + -2)).
-5
Calculate 5 + (8 - 8) + (-7 - -4).
2
What is the value of (7 - -3) + -10 + (-1 - -5)?
4
Calculate 1 + 1 + 1 + -7 + 7.
3
4 + -2 + -3 + 3
2
Evaluate (-6 - -2) + 0 - (1 + -10).
5
-2 + -2 + (2 - (-1 - 0))
-1
-65 + 69 + (-1 - 3)
0
-11 + -7 + 21 + -2
1
Calculate 5 - 2 - (-9 + 2 + 4).
6
-18 - -8 - (-4 + 0 + 3)
-9
Calculate (0 - -3) + 0 + -5 - -6.
4
13 + -17 + (-1 - -5)
0
What is the value of -5 - (-2 + (-2 - (0 - 2)))?
-3
What is the value of 0 - (1 + -10 + 5)?
4
Evaluate (3 - (-2 + 5 + -4)) + -2.
2
Evaluate (-5 - 9) + 5 + 6.
-3
-3 + (2 - -2) + (0 - 3)
-2
Calculate 0 + 5 + -1 + -6 - -8.
6
What is 3 - ((11 - 15) + 11)?
-4
4 + -3 - (1 - 2)
2
What is the value of -1 + 6 + -12 + 9 - 1?
1
Evaluate (0 + -2 + 0 - 2) + 8.
4
What is the value of 0 + 0 + 2 + 2?
4
4 - (-11 + 15 - (4 - 0))
4
Calculate 4 + -8 + -4 - -6.
-2
Evaluate 6 - (-7 - (-7 - 10)).
-4
What is -17 + 12 - (-7 + 2)?
0
Calculate 63 - 74 - (1 + -14).
2
-13 + 7 + (1 - 9 - -7)
-7
Calculate -1 + 6 + -5 + (2 - -1).
3
Calculate -6 - 0 - (-3 - 6).
3
Calculate -7 + 11 - (5 + 3).
-4
Evaluate (-2 - (-4 - -3)) + -2.
-3
What is 3 - (1 - 1 - -2)?
1
What is the value of 2 - 1 - -1 - (41 + -37)?
-2
Evaluate 4 + (-14 - (7 + -14)).
-3
What is (4 - (-5 + 3 + 3)) + -7?
-4
6 - (7 + (-8 + 3 - -2))
2
Evaluate 0 + 0 + (0 - 2).
-2
Calculate -36 - -44 - (5 - 1).
4
Evaluate (0 - 1) + (4 - 4) + 4.
3
What is 34 - 13 - 15 - (1 + 12)?
-7
What is -10 + -9 - -11 - -15?
7
Calculate -1 + (-4 - -2) - (9 - 8).
-4
-11 - (-2 - (7 - 3))
-5
Evaluate (7 + -2 - 3) + 1 + 0.
3
What is (-2 - 2 - (-3 - -7)) + 2?
-6
Calculate 2 + -9 + 4 + 1.
-2
Calculate -4 + (3 - 0) - 3.
-4
What is 1 + 2 + 2 - 1?
4
6 + -4 + -4 - (4 + -2)
-4
Calculate -2 + 7 + -2 - (12 - 13).
4
What is the value of (2 - 0) + -2 - -4?
4
Calculate 2 + 10 + 0 + (26 - 31).
7
What is the value of -1 - (-1 + 3) - (5 + -3)?
-5
Evaluate (0 - -1) + -5 + 5 - 0.
1
Evaluate (15 - 22) + 10 + 1.
4
Evaluate -4 + (3 + 8 - (-5 + 5)).
7
Calculate -4 - (-1 - 3 - (6 - 7)).
-1
Calculate (1 - 0) + (6 - 12).
-5
(5 - (9 + 3)) + 4
-3
What is -2 + -1 - 0 - (-6 + -1)?
4
What is the value of (2 - 14) + (19 - 11)?
-4
6 + -12 + (6 - -2)
2
Calculate -5 - (-1 + 1 + 0).
-5
Calculate 5 + (-3 - (-1 - 3) - 1).
5
What is the value of (-4 - (7 + -2 - 16)) + -7?
0
Evaluate 3 - (-2 + 2) - 6.
-3
Evaluate 8 + -1 - (13 + -11).
5
What is the value of -1 + (-1 - -2) + -2 + 0?
-2
Calculate -84 - -81 - (1 + (-2 - -1)).
-3
What is 4 + -4 - (-1 + (-1 - -2))?
0
What is -8 + -1 + 1 + 4?
-4
Evaluate -13 - (4 + 0 + -11) - -6.
0
Evaluate 12 + -9 + -3 + 7.
7
What is the value of 2 - ((-3 - -2 - -9) + -4)?
-2
5 - (10 - (-7 + 4)) - -5
-3
-1 + 15 + -8 + -4
2
What is the value of -2 + (5 - (-5 + 8))?
0
2 - (0 + (4 - 2))
0
Calculate 0 - -6 - 6 - 1.
-1
Evaluate -3 - -8 - 15 - -8.
-2
What is the value of -5 + 5 + -1 + -8?
-9
6 - (-15 - -16 - 4)
9
Evaluate -4 + 3 - 3 - -3.
-1
Calculate (-7 - -5) + 9 + 0 + -1.
6
What is 15 + -2 + -2 + (-12 - -6)?
5
What is -4 - ((-3 - 4) + 0 + 5)?
-2
What is the value of -1 + (-3 - 2) + 16 + -5?
5
3 + -2 + -1 - (-5 - 0)
5
What is the value of 14 - (9 - (-2 + 7) - -3)?
7
Calculate -24 - -31 - (-2 - -11).
-2
Evaluate (9 - 0) + (3 - (10 + -3)).
5
Evaluate (-3 - (-1 + (-3 - -2))) + 2.
1
Calculate 6 + (-4 - -8 - 7).
3
(-12 - (1 + -5 + 0)) + 3
-5
Evaluate -1 + 0 - (-5 + (10 - 7)).
1
What is -1 + 3 + -4 - -5?
3
What is -2 - 12 - -9 - -4?
-1
Evaluate -1 - (5 + -2 - (0 - -2)).
-2
What is the value of 2 + -1 - (11 + -11 - -5)?
-4
Calculate 0 + 1 - ((6 - -10) + -7).
-8
What is (-9 - -13 - 2) + 7 + -3?
6
What is 11 + -2 + -10 + 2?
1
Calculate 6 + -7 - (-5 + 2 + -2).
4
Evaluate -96 + 94 - (-9 + -1).
8
Evaluate 1 - (-3 - (2 - 5)).
1
What is -4 - (-6 + 6) - -7?
3
Evaluate 0 - -10 - (-6 + -10 + 19).
7
What is -2 + 2 + 4 + -4?
0
What is -4 + (12 - (0 + 3)) + -4?
1
Evaluate -5 + (-2 - 1) + 59 + -40.
11
2 + 1 + -4 + 12 + -10
1
Evaluate 18 + -16 + -1 + 4.
5
What is the value of (6 - 3 - (-1 - -4)) + 3?
3
Calculate -3 + -1 + 4 + -3 - -8.
5
Calculate 1 - -9 - (12 - (11 + -4)).
5
What is -4 + 2 - (-1 - (-5 - -1))?
-5
Calculate -9 + (14 - 2 - 3).
0
Calculate 2 - (3 - -1 - 3).
1
Evaluate 5 + (-1 - -8 - 11).
1
Evaluate 1 + 0 + (-2 - -3) + -1.
1
Evaluate (-7 - (-6 + 3)) + 0 + -1.
-5
What is the value of -2 + (1 + 0 - (1 - 2))?
0
What is the value of 2 + -2 + (2 - 2) + -4?
-4
1 - ((5 - 1) + -3 + 2)
-2
What is -2 + (-1 - -4) + 2 + -1?
2
What is the value of -4 + -1 - (8 - (6 - -3))?
-4
(-12 - (-13 + 9)) + 12
4
What is the value of -5 - (0 - 0 - 0)?
-5
What is -3 - (3 + (1 - 3))?
-4
0 + 0 + 0 - (86 - 91)
5
What is the value of 3 + -4 - 1 - (-7 + 14)?
-9
Evaluate -19 + 7 - (-1 - 2 - -1).
-10
Calculate (-6 - (-8 + 13)) + 6 + 12.
7
What is (-1 - 14) + (12 - -1)?
-2
What is the value of (-13 - -17) + (-5 - (0 - -3))?
-4
Calculate (-4 - -6) + (0 - 1) + -3.
-2
Evaluate -6 - 2 - (-39 - -33).
-2
Evaluate 1 + -4 + 3 + -5 + 0.
-5
What is the value of (-5 - 3) + -1 - -5?
-4
What is 1 - -1 - 0 - (30 + -28)?
0
What is the value of -5 + 4 + (-5 - -3)?
-3
Calculate 2 + 2 + 14 + -14.
4
What is the value of (3 - (8 + -8)) + -9?
-6
Calculate 0 + (4 + -4 - (3 - 0)).
-3
Evaluate -24 - -26 - (-2 + -2 - -6).
0
What is -4 - -4 - (17 - 11)?
-6
-4 - -1 - (0 - (2 - 2))
-3
Evaluate (-15 - -6) + -4 - -8.
-5
What is -8 + -2 + -5 + 0 + 7?
-8
Evaluate 70 - 61 - (9 - -1).
-1
-14 - (2 + (-4 - 0) - 5)
-7
Calculate -9 + 2 - (-9 - -7).
-5
Calculate (-4 - -2) + -6 + -5 + 13.
0
Calculate 8 - ((1 - -1) + 3).
3
What is the value of -7 - -2 - (-4 + 4)?
-5
What is the value of -4 + -3 + 12 - (-3 - 0)?
8
What is 3 + (-1 - (-4 + 0)) + -6?
0
Calculate 3 + (2 - (5 + (0 - -3))).
-3
What is (6 - 1 - 0) + 0?
5
Evaluate 8 + -9 + 2 + -1 + -5.
-5
Evaluate 5 - -1 - (6 + (-7 - -6)).
1
0 + 7 + -7 + 5
5
Evaluate -1 + 0 - (-14 + 9).
4
2 - (-7 + 16 - 6)
-1
What is the value of -29 + 25 + 0 + 0?
-4
Calculate -1 + -3 + (-8 - (-13 - 8)).
9
What is the value of -2 - 1 - (-55 + 48)?
4
What is -3 + (2 - -12) + -9?
2
Calculate 13 + (-6 - (-